{"id":302,"date":"2023-01-24T14:53:54","date_gmt":"2023-01-24T14:53:54","guid":{"rendered":"https:\/\/staging.residenciasycentrosdedia.com\/?page_id=302"},"modified":"2023-01-31T12:08:07","modified_gmt":"2023-01-31T12:08:07","slug":"politica-de-privacidad","status":"publish","type":"page","link":"https:\/\/staging.residenciasycentrosdedia.com\/ca\/politica-de-privacidad\/","title":{"rendered":"Pol\u00edtica de privacidad"},"content":{"rendered":"<div data-elementor-type=\"wp-page\" data-elementor-id=\"302\" class=\"elementor elementor-302\">\n\t\t\t\t\t\t\t\t\t<section class=\"elementor-section elementor-top-section elementor-element elementor-element-fb5c5f6 elementor-section-boxed elementor-section-height-default elementor-section-height-default\" data-id=\"fb5c5f6\" data-element_type=\"section\">\n\t\t\t\t\t\t<div class=\"elementor-container elementor-column-gap-default\">\n\t\t\t\t\t<div class=\"elementor-column elementor-col-100 elementor-top-column elementor-element elementor-element-0fc7a9a\" data-id=\"0fc7a9a\" data-element_type=\"column\">\n\t\t\t<div class=\"elementor-widget-wrap elementor-element-populated\">\n\t\t\t\t\t\t\t\t<div class=\"elementor-element elementor-element-2c28fc5 elementor-widget elementor-widget-heading\" data-id=\"2c28fc5\" data-element_type=\"widget\" data-widget_type=\"heading.default\">\n\t\t\t\t<div class=\"elementor-widget-container\">\n\t\t\t<style>\/*! elementor - v3.6.7 - 03-07-2022 *\/\n.elementor-heading-title{padding:0;margin:0;line-height:1}.elementor-widget-heading .elementor-heading-title[class*=elementor-size-]>a{color:inherit;font-size:inherit;line-height:inherit}.elementor-widget-heading .elementor-heading-title.elementor-size-small{font-size:15px}.elementor-widget-heading .elementor-heading-title.elementor-size-medium{font-size:19px}.elementor-widget-heading .elementor-heading-title.elementor-size-large{font-size:29px}.elementor-widget-heading .elementor-heading-title.elementor-size-xl{font-size:39px}.elementor-widget-heading .elementor-heading-title.elementor-size-xxl{font-size:59px}<\/style><h2 class=\"elementor-heading-title elementor-size-default\">Pol\u00edtica de Privacitat<\/h2>\t\t<\/div>\n\t\t\t\t<\/div>\n\t\t\t\t<div class=\"elementor-element elementor-element-4946fd7 elementor-widget elementor-widget-text-editor\" data-id=\"4946fd7\" data-element_type=\"widget\" data-widget_type=\"text-editor.default\">\n\t\t\t\t<div class=\"elementor-widget-container\">\n\t\t\t<style>\/*! elementor - v3.6.7 - 03-07-2022 *\/\n.elementor-widget-text-editor.elementor-drop-cap-view-stacked .elementor-drop-cap{background-color:#818a91;color:#fff}.elementor-widget-text-editor.elementor-drop-cap-view-framed .elementor-drop-cap{color:#818a91;border:3px solid;background-color:transparent}.elementor-widget-text-editor:not(.elementor-drop-cap-view-default) .elementor-drop-cap{margin-top:8px}.elementor-widget-text-editor:not(.elementor-drop-cap-view-default) .elementor-drop-cap-letter{width:1em;height:1em}.elementor-widget-text-editor .elementor-drop-cap{float:left;text-align:center;line-height:1;font-size:50px}.elementor-widget-text-editor .elementor-drop-cap-letter{display:inline-block}<\/style>\t\t\t\t<p><strong>Pol\u00edtica de Privacitat i de Protecci\u00f3 de Dades<\/strong><\/p><p>En compliment del que s'estableix en el Reglament General Europeu de Protecci\u00f3 de Dades 2016\/679 del 27 d'Abril de 2016 (RGPD) i de la Llei org\u00e0nica 3\/2018, de 5 de desembre, de Protecci\u00f3 de Dades Personals i garantia dels drets digitals (LOPD), LA VOSTRA LLAR RESIDENCIAL, S.L. informa l'usuari \/ client de l'exist\u00e8ncia d'un fitxer automatitzat de dades de car\u00e0cter personal, creat per la VOSTRA LLAR RESIDENCIAL, S.L. i gestionat sota la seva responsabilitat, com a Responsable del Tractament, amb la finalitat de realitzar el manteniment i gesti\u00f3 de la relaci\u00f3 amb els sol\u00b7licitants d'informaci\u00f3 o clients que han accedit i han proporcionat la informaci\u00f3 i l'autoritzaci\u00f3 del tractament de la informaci\u00f3 a trav\u00e9s dels formularis electr\u00f2nics d'aquest lloc o mitjan\u00e7ant missatges de correu electr\u00f2nic.<\/p><p>Les dades que l'usuari facilita a la VOSTRA LLAR RESIDENCIAL, S.L. tenen com a finalitat mantenir una relaci\u00f3 comercial amb l'usuari, gestionar la seva sol\u00b7licitud, facilitar-li la informaci\u00f3 i \/ o serveis que sol\u00b7liciti, aix\u00ed com informaci\u00f3 t\u00e8cnic-comercial. Sense car\u00e0cter exclusiu, les operacions previstes per a realitzar el tractament s\u00f3n:<\/p><ul><li>Remissi\u00f3 de comunicacions comercials publicit\u00e0ries per email, fax, SMS, MMS, comunitats socials o qualsevol altre mitj\u00e0 electr\u00f2nic o f\u00edsic, present o futur, que possibiliti realitzar comunicacions comercials. Aquestes comunicacions seran realitzades pel RESPONSABLE, i relacionades sobre els seus productes i serveis, o pels seus col\u00b7laboradors o prove\u00efdors amb els quals aquest hagi aconseguit algun acord de promoci\u00f3. En aquest cas, els tercers mai tindran acc\u00e9s a les dades personals.<\/li><li>Realitzar estudis estad\u00edstics.<\/li><li>Tramitar enc\u00e0rrecs, sol\u00b7licituds o qualsevol tipus de petici\u00f3 que sigui realitzada per l'usuari a trav\u00e9s de qualsevol de les formes de contacte que es posen a la seva disposici\u00f3.<\/li><li>Remetre el butllet\u00ed de not\u00edcies de la p\u00e0gina web.<\/li><\/ul><p>\u00a0<\/p><p>Excepte en els camps en qu\u00e8 expressament s'indiqui el contrari per ser obligatoris, el lliurament d'informaci\u00f3 requerida sobre dades personals tindr\u00e0 el car\u00e0cter de voluntari i optatiu, sense que la negativa a facilitar aquesta informaci\u00f3 volunt\u00e0ria i optativa impliqui un minvament en la qualitat o quantitat dels serveis que Vost\u00e8 sol\u00b7liciti. La falta d'emplenament dels camps determinats com a obligatoris o el subministrament de dades incorrectes impossibilitar\u00e0 que LA VOSTRA LLAR RESIDENCIAL, S.L. pugui gestionar la seva sol\u00b7licitud o remetre-li la informaci\u00f3 sol\u00b7licitada.<\/p><p>En relaci\u00f3 amb les dades recaptades en la forma prevista en els apartats anteriors, l'usuari podr\u00e0 exercitar els drets reconeguts pel RGPD i la LOPD, sent aquests els drets d'acc\u00e9s, rectificaci\u00f3 o cancel\u00b7laci\u00f3 de dades, oposici\u00f3, supressi\u00f3 o dret a l'oblit, limitaci\u00f3 i portabilitat. Per a exercir els mateixos es pot realitzar per mitj\u00e0 d'un correu electr\u00f2nic a l'adre\u00e7a lopd@lavostrallar.com donde ser\u00e1 atendida adecuadamente su solicitud.<\/p><p>Aquesta comunicaci\u00f3 de sol\u00b7licitud haur\u00e0 de contenir les seg\u00fcents dades: nom i cognoms de l'Usuari, domicili a l'efecte de notificacions, fotoc\u00f2pia del Document Nacional d'Identitat o Passaport, i petici\u00f3 en qu\u00e8 es concreta la sol\u00b7licitud. En el cas d'actuar en representaci\u00f3 de tercer, haur\u00e0 de provar-se la mateixa mitjan\u00e7ant document fefaent.<\/p><p>LA VOSTRA LLAR RESIDENCIAL, S.L. guardar\u00e0 les dades de car\u00e0cter personal que hagi recaptat i adoptar\u00e0 les mesures necess\u00e0ries per a evitar la seva alteraci\u00f3, p\u00e8rdua, tractament o acc\u00e9s no autoritzats. LA VOSTRA LLAR RESIDENCIAL, S.L. complir\u00e0 aquests deures d'acord amb el que s'estableix per la normativa europea del RGPD i LOPD. Es conservaran les dades personals mentre existeixi un inter\u00e8s mutu per a mantenir la fi del tractament i, quan ja no sigui necessari per a tal fi, se suprimiran amb mesures de seguretat adequades per a garantir la pseudonimitzaci\u00f3 de les dades o la destrucci\u00f3 total d'aquests.<\/p><p>Aix\u00ed mateix, tot el personal de la VOSTRA LLAR RESIDENCIAL, S.L., aix\u00ed com els seus possibles prove\u00efdors, subcontractats o col\u00b7laboradors, assumeixen el comprom\u00eds de dur a terme la seva labor professional respectant la confidencialitat, les obligacions i les mesures de seguretat establertes en el marc de la Protecci\u00f3 de Dades.<\/p><p>En aquells casos en els quals existeixi autoritzaci\u00f3, l'empresa LA VOSTRA LLAR RESIDENCIAL, S.L. i la seva assessora INLEGIS, S.L.P. podran enviar informaci\u00f3 t\u00e8cnic-comercial als usuaris.<\/p><p>LA VOSTRA LLAR RESIDENCIAL, S.L. podr\u00e0 cedir aquestes dades personals \u00fanicament a les entitats que col\u00b7laborin amb la mateixa en el tractament de la informaci\u00f3 i amb les finalitats anteriorment indicades i autoritzades per l'usuari.<\/p><p>LA VOSTRA LLAR RESIDENCIAL, S.L. NO t\u00e9 contractats serveis de prove\u00efdors tecnol\u00f2gics situats en pa\u00efsos que no siguin europeus o b\u00e9 no disposin d'una normativa equivalent a l'europea (Tercers Pa\u00efsos). Qualsevol contractaci\u00f3 futura de serveis a encarregats de tractament de dades realitzada per la VOSTRA LLAR RESIDENCIAL, S.L sempre complir\u00e0 amb tots els requisits establerts per la normativa europea de protecci\u00f3 de dades, aplicant en el tractament de les seves dades les garanties i salvaguardes necess\u00e0ries per a preservar la seva privacitat d'aquesta informaci\u00f3.<\/p><p>LA VOSTRA LLAR RESIDENCIAL, S.L. utilitza cookies per a accedir a informaci\u00f3 relativa als usuaris del lloc web, proporcionant la informaci\u00f3 p\u00fablica i accessible en la Pol\u00edtica de Cookies.<\/p><p>LA VOSTRA LLAR RESIDENCIAL, S.L. desenvolupa la seva activitat empresarial de conformitat amb les obligacions d'informaci\u00f3, desenvolupament de procediments i \u00f2rgans de control i comunicaci\u00f3 interns i altres obligacions previstes en la normativa vigent sobre mesures de prevenci\u00f3 del blanqueig de capitals.<\/p>\t\t\t\t\t\t<\/div>\n\t\t\t\t<\/div>\n\t\t\t\t\t<\/div>\n\t\t<\/div>\n\t\t\t\t\t\t\t<\/div>\n\t\t<\/section>\n\t\t\t\t\t\t\t<\/div>","protected":false},"excerpt":{"rendered":"<p>Pol\u00edtica de Privacidad Pol\u00edtica de Privacidad y de Protecci\u00f3n de Datos En cumplimiento de lo establecido en el Reglamento General Europeo de Protecci\u00f3n de Datos 2016\/679 del 27 de Abril de 2016 (RGPD) y de la Ley Org\u00e1nica 3\/2018, de 5 de diciembre, de Protecci\u00f3n de Datos Personales y garant\u00eda de los derechos digitales (LOPD), [&hellip;]<\/p>","protected":false},"author":2,"featured_media":0,"parent":0,"menu_order":0,"comment_status":"closed","ping_status":"closed","template":"elementor_header_footer","meta":[],"_links":{"self":[{"href":"https:\/\/staging.residenciasycentrosdedia.com\/ca\/wp-json\/wp\/v2\/pages\/302"}],"collection":[{"href":"https:\/\/staging.residenciasycentrosdedia.com\/ca\/wp-json\/wp\/v2\/pages"}],"about":[{"href":"https:\/\/staging.residenciasycentrosdedia.com\/ca\/wp-json\/wp\/v2\/types\/page"}],"author":[{"embeddable":true,"href":"https:\/\/staging.residenciasycentrosdedia.com\/ca\/wp-json\/wp\/v2\/users\/2"}],"replies":[{"embeddable":true,"href":"https:\/\/staging.residenciasycentrosdedia.com\/ca\/wp-json\/wp\/v2\/comments?post=302"}],"version-history":[{"count":13,"href":"https:\/\/staging.residenciasycentrosdedia.com\/ca\/wp-json\/wp\/v2\/pages\/302\/revisions"}],"predecessor-version":[{"id":405,"href":"https:\/\/staging.residenciasycentrosdedia.com\/ca\/wp-json\/wp\/v2\/pages\/302\/revisions\/405"}],"wp:attachment":[{"href":"https:\/\/staging.residenciasycentrosdedia.com\/ca\/wp-json\/wp\/v2\/media?parent=302"}],"curies":[{"name":"wp","href":"https:\/\/api.w.org\/{rel}","templated":true}]}}

Política de privacidad

<div data-elementor-type="wp-page" data-elementor-id="302" class="elementor elementor-302">
									<section class="elementor-section elementor-top-section elementor-element elementor-element-fb5c5f6 elementor-section-boxed elementor-section-height-default elementor-section-height-default" data-id="fb5c5f6" data-element_type="section">
						<div class="elementor-container elementor-column-gap-default">
					<div class="elementor-column elementor-col-100 elementor-top-column elementor-element elementor-element-0fc7a9a" data-id="0fc7a9a" data-element_type="column">
			<div class="elementor-widget-wrap elementor-element-populated">
								<div class="elementor-element elementor-element-2c28fc5 elementor-widget elementor-widget-heading" data-id="2c28fc5" data-element_type="widget" data-widget_type="heading.default">
				<div class="elementor-widget-container">
			<style>/*! elementor - v3.6.7 - 03-07-2022 */
.elementor-heading-title{padding:0;margin:0;line-height:1}.elementor-widget-heading .elementor-heading-title[class*=elementor-size-]>a{color:inherit;font-size:inherit;line-height:inherit}.elementor-widget-heading .elementor-heading-title.elementor-size-small{font-size:15px}.elementor-widget-heading .elementor-heading-title.elementor-size-medium{font-size:19px}.elementor-widget-heading .elementor-heading-title.elementor-size-large{font-size:29px}.elementor-widget-heading .elementor-heading-title.elementor-size-xl{font-size:39px}.elementor-widget-heading .elementor-heading-title.elementor-size-xxl{font-size:59px}</style><h2 class="elementor-heading-title elementor-size-default">Política de Privacitat</h2>		</div>
				</div>
				<div class="elementor-element elementor-element-4946fd7 elementor-widget elementor-widget-text-editor" data-id="4946fd7" data-element_type="widget" data-widget_type="text-editor.default">
				<div class="elementor-widget-container">
			<style>/*! elementor - v3.6.7 - 03-07-2022 */
.elementor-widget-text-editor.elementor-drop-cap-view-stacked .elementor-drop-cap{background-color:#818a91;color:#fff}.elementor-widget-text-editor.elementor-drop-cap-view-framed .elementor-drop-cap{color:#818a91;border:3px solid;background-color:transparent}.elementor-widget-text-editor:not(.elementor-drop-cap-view-default) .elementor-drop-cap{margin-top:8px}.elementor-widget-text-editor:not(.elementor-drop-cap-view-default) .elementor-drop-cap-letter{width:1em;height:1em}.elementor-widget-text-editor .elementor-drop-cap{float:left;text-align:center;line-height:1;font-size:50px}.elementor-widget-text-editor .elementor-drop-cap-letter{display:inline-block}</style>				<p><strong>Política de Privacitat i de Protecció de Dades</strong></p><p>En compliment del que s'estableix en el Reglament General Europeu de Protecció de Dades 2016/679 del 27 d'Abril de 2016 (RGPD) i de la Llei orgànica 3/2018, de 5 de desembre, de Protecció de Dades Personals i garantia dels drets digitals (LOPD), LA VOSTRA LLAR RESIDENCIAL, S.L. informa l'usuari / client de l'existència d'un fitxer automatitzat de dades de caràcter personal, creat per la VOSTRA LLAR RESIDENCIAL, S.L. i gestionat sota la seva responsabilitat, com a Responsable del Tractament, amb la finalitat de realitzar el manteniment i gestió de la relació amb els sol·licitants d'informació o clients que han accedit i han proporcionat la informació i l'autorització del tractament de la informació a través dels formularis electrònics d'aquest lloc o mitjançant missatges de correu electrònic.</p><p>Les dades que l'usuari facilita a la VOSTRA LLAR RESIDENCIAL, S.L. tenen com a finalitat mantenir una relació comercial amb l'usuari, gestionar la seva sol·licitud, facilitar-li la informació i / o serveis que sol·liciti, així com informació tècnic-comercial. Sense caràcter exclusiu, les operacions previstes per a realitzar el tractament són:</p><ul><li>Remissió de comunicacions comercials publicitàries per email, fax, SMS, MMS, comunitats socials o qualsevol altre mitjà electrònic o físic, present o futur, que possibiliti realitzar comunicacions comercials. Aquestes comunicacions seran realitzades pel RESPONSABLE, i relacionades sobre els seus productes i serveis, o pels seus col·laboradors o proveïdors amb els quals aquest hagi aconseguit algun acord de promoció. En aquest cas, els tercers mai tindran accés a les dades personals.</li><li>Realitzar estudis estadístics.</li><li>Tramitar encàrrecs, sol·licituds o qualsevol tipus de petició que sigui realitzada per l'usuari a través de qualsevol de les formes de contacte que es posen a la seva disposició.</li><li>Remetre el butlletí de notícies de la pàgina web.</li></ul><p> </p><p>Excepte en els camps en què expressament s'indiqui el contrari per ser obligatoris, el lliurament d'informació requerida sobre dades personals tindrà el caràcter de voluntari i optatiu, sense que la negativa a facilitar aquesta informació voluntària i optativa impliqui un minvament en la qualitat o quantitat dels serveis que Vostè sol·liciti. La falta d'emplenament dels camps determinats com a obligatoris o el subministrament de dades incorrectes impossibilitarà que LA VOSTRA LLAR RESIDENCIAL, S.L. pugui gestionar la seva sol·licitud o remetre-li la informació sol·licitada.</p><p>En relació amb les dades recaptades en la forma prevista en els apartats anteriors, l'usuari podrà exercitar els drets reconeguts pel RGPD i la LOPD, sent aquests els drets d'accés, rectificació o cancel·lació de dades, oposició, supressió o dret a l'oblit, limitació i portabilitat. Per a exercir els mateixos es pot realitzar per mitjà d'un correu electrònic a l'adreça lopd@lavostrallar.com donde será atendida adecuadamente su solicitud.</p><p>Aquesta comunicació de sol·licitud haurà de contenir les següents dades: nom i cognoms de l'Usuari, domicili a l'efecte de notificacions, fotocòpia del Document Nacional d'Identitat o Passaport, i petició en què es concreta la sol·licitud. En el cas d'actuar en representació de tercer, haurà de provar-se la mateixa mitjançant document fefaent.</p><p>LA VOSTRA LLAR RESIDENCIAL, S.L. guardarà les dades de caràcter personal que hagi recaptat i adoptarà les mesures necessàries per a evitar la seva alteració, pèrdua, tractament o accés no autoritzats. LA VOSTRA LLAR RESIDENCIAL, S.L. complirà aquests deures d'acord amb el que s'estableix per la normativa europea del RGPD i LOPD. Es conservaran les dades personals mentre existeixi un interès mutu per a mantenir la fi del tractament i, quan ja no sigui necessari per a tal fi, se suprimiran amb mesures de seguretat adequades per a garantir la pseudonimització de les dades o la destrucció total d'aquests.</p><p>Així mateix, tot el personal de la VOSTRA LLAR RESIDENCIAL, S.L., així com els seus possibles proveïdors, subcontractats o col·laboradors, assumeixen el compromís de dur a terme la seva labor professional respectant la confidencialitat, les obligacions i les mesures de seguretat establertes en el marc de la Protecció de Dades.</p><p>En aquells casos en els quals existeixi autorització, l'empresa LA VOSTRA LLAR RESIDENCIAL, S.L. i la seva assessora INLEGIS, S.L.P. podran enviar informació tècnic-comercial als usuaris.</p><p>LA VOSTRA LLAR RESIDENCIAL, S.L. podrà cedir aquestes dades personals únicament a les entitats que col·laborin amb la mateixa en el tractament de la informació i amb les finalitats anteriorment indicades i autoritzades per l'usuari.</p><p>LA VOSTRA LLAR RESIDENCIAL, S.L. NO té contractats serveis de proveïdors tecnològics situats en països que no siguin europeus o bé no disposin d'una normativa equivalent a l'europea (Tercers Països). Qualsevol contractació futura de serveis a encarregats de tractament de dades realitzada per la VOSTRA LLAR RESIDENCIAL, S.L sempre complirà amb tots els requisits establerts per la normativa europea de protecció de dades, aplicant en el tractament de les seves dades les garanties i salvaguardes necessàries per a preservar la seva privacitat d'aquesta informació.</p><p>LA VOSTRA LLAR RESIDENCIAL, S.L. utilitza cookies per a accedir a informació relativa als usuaris del lloc web, proporcionant la informació pública i accessible en la Política de Cookies.</p><p>LA VOSTRA LLAR RESIDENCIAL, S.L. desenvolupa la seva activitat empresarial de conformitat amb les obligacions d'informació, desenvolupament de procediments i òrgans de control i comunicació interns i altres obligacions previstes en la normativa vigent sobre mesures de prevenció del blanqueig de capitals.</p>						</div>
				</div>
					</div>
		</div>
							</div>
		</section>
							</div>

<p>Política de Privacidad Política de Privacidad y de Protección de Datos En cumplimiento de lo establecido en el Reglamento General Europeo de Protección de Datos 2016/679 del 27 de Abril de 2016 (RGPD) y de la Ley Orgánica 3/2018, de 5 de diciembre, de Protección de Datos Personales y garantía de los derechos digitales (LOPD), [&hellip;]</p>
